{"id":157,"date":"2024-11-12T17:12:44","date_gmt":"2024-11-12T17:12:44","guid":{"rendered":"http:\/\/mirandademelo.adv.br\/?page_id=157"},"modified":"2024-11-12T17:13:33","modified_gmt":"2024-11-12T17:13:33","slug":"saude","status":"publish","type":"page","link":"https:\/\/mirandademelo.adv.br\/?page_id=157","title":{"rendered":"Sa\u00fade"},"content":{"rendered":"\n<p>A \u00e1rea da sa\u00fade \u00e9 complexa e envolve uma s\u00e9rie de rela\u00e7\u00f5es jur\u00eddicas que exigem conhecimento t\u00e9cnico especializado. Nosso escrit\u00f3rio oferece assessoria jur\u00eddica completa em Direito da Sa\u00fade, auxiliando tanto profissionais da \u00e1rea, como pacientes e institui\u00e7\u00f5es de sa\u00fade, a garantir seus direitos e cumprir suas obriga\u00e7\u00f5es legais.<\/p>\n\n\n\n<p>Atuamos em diversas \u00e1reas do Direito da Sa\u00fade, como responsabilidade civil m\u00e9dica, contratos de sa\u00fade, quest\u00f5es relacionadas ao Sistema \u00danico de Sa\u00fade (SUS), regulamenta\u00e7\u00e3o profissional, e quest\u00f5es \u00e9ticas. Nossos advogados possuem vasta experi\u00eancia em lidar com casos complexos, como a\u00e7\u00f5es de indeniza\u00e7\u00e3o por erro m\u00e9dico, quest\u00f5es relacionadas \u00e0 cobertura de planos de sa\u00fade e defesa de profissionais da sa\u00fade em processos \u00e9ticos e disciplinares.<\/p>\n\n\n\n<p><strong>Por que escolher nossos servi\u00e7os?<\/strong><\/p>\n\n\n\n<p>Ao contar com nossos servi\u00e7os, voc\u00ea ter\u00e1 a tranquilidade de saber que seus direitos est\u00e3o sendo defendidos por profissionais especializados em Direito da Sa\u00fade. Nossa equipe est\u00e1 sempre atualizada sobre as \u00faltimas mudan\u00e7as na legisla\u00e7\u00e3o e na jurisprud\u00eancia, o que nos permite oferecer solu\u00e7\u00f5es personalizadas e eficazes para cada caso.<\/p>\n\n\n\n<p><strong>Diferenciais que nos destacam:<\/strong><\/p>\n\n\n\n<ul class=\"wp-block-list\">\n<li><strong>An\u00e1lise detalhada:<\/strong> Realizamos uma an\u00e1lise detalhada de cada caso, identificando os pontos fortes e fracos da sua situa\u00e7\u00e3o e elaborando a melhor estrat\u00e9gia para a resolu\u00e7\u00e3o do problema.<\/li>\n\n\n\n<li><strong>Atendimento personalizado:<\/strong> Oferecemos um atendimento personalizado e pr\u00f3ximo, buscando entender suas necessidades e expectativas.<\/li>\n\n\n\n<li><strong>Experi\u00eancia em processos judiciais:<\/strong> Possu\u00edmos vasta experi\u00eancia na representa\u00e7\u00e3o de clientes em processos judiciais, tanto na esfera c\u00edvel quanto na criminal.<\/li>\n\n\n\n<li><strong>Conhecimento t\u00e9cnico:<\/strong> Nossos advogados possuem profundo conhecimento da legisla\u00e7\u00e3o e da regulamenta\u00e7\u00e3o do setor da sa\u00fade, o que nos permite oferecer solu\u00e7\u00f5es jur\u00eddicas precisas e eficazes.<\/li>\n<\/ul>\n\n\n\n<p><strong>N\u00e3o hesite em entrar em contato conosco para agendar uma consulta e conhecer melhor os nossos servi\u00e7os.<\/strong> Ao escolher nosso escrit\u00f3rio, voc\u00ea estar\u00e1 investindo na prote\u00e7\u00e3o dos seus direitos e na garantia de uma assist\u00eancia m\u00e9dica segura e de qualidade.<\/p>\n\n\n\n<div class=\"wp-block-buttons is-layout-flex wp-block-buttons-is-layout-flex\">\n<div class=\"wp-block-button\"><a class=\"wp-block-button__link wp-element-button\" href=\"http:\/\/wa.me\/5549999978356\">Whatsapp<\/a><\/div>\n<\/div>\n","protected":false},"excerpt":{"rendered":"<p>A \u00e1rea da sa\u00fade \u00e9 complexa e envolve uma s\u00e9rie de rela\u00e7\u00f5es jur\u00eddicas que exigem conhecimento t\u00e9cnico especializado. Nosso escrit\u00f3rio oferece assessoria jur\u00eddica completa em Direito da Sa\u00fade, auxiliando tanto profissionais da \u00e1rea, como pacientes e institui\u00e7\u00f5es de sa\u00fade, a garantir seus direitos e cumprir suas obriga\u00e7\u00f5es legais. Atuamos em diversas \u00e1reas do Direito da [&hellip;]<\/p>\n","protected":false},"author":1,"featured_media":0,"parent":84,"menu_order":0,"comment_status":"closed","ping_status":"closed","template":"","meta":{"_joinchat":[],"footnotes":""},"class_list":["post-157","page","type-page","status-publish","hentry"],"_links":{"self":[{"href":"https:\/\/mirandademelo.adv.br\/index.php?rest_route=\/wp\/v2\/pages\/157","targetHints":{"allow":["GET"]}}],"collection":[{"href":"https:\/\/mirandademelo.adv.br\/index.php?rest_route=\/wp\/v2\/pages"}],"about":[{"href":"https:\/\/mirandademelo.adv.br\/index.php?rest_route=\/wp\/v2\/types\/page"}],"author":[{"embeddable":true,"href":"https:\/\/mirandademelo.adv.br\/index.php?rest_route=\/wp\/v2\/users\/1"}],"replies":[{"embeddable":true,"href":"https:\/\/mirandademelo.adv.br\/index.php?rest_route=%2Fwp%2Fv2%2Fcomments&post=157"}],"version-history":[{"count":1,"href":"https:\/\/mirandademelo.adv.br\/index.php?rest_route=\/wp\/v2\/pages\/157\/revisions"}],"predecessor-version":[{"id":158,"href":"https:\/\/mirandademelo.adv.br\/index.php?rest_route=\/wp\/v2\/pages\/157\/revisions\/158"}],"up":[{"embeddable":true,"href":"https:\/\/mirandademelo.adv.br\/index.php?rest_route=\/wp\/v2\/pages\/84"}],"wp:attachment":[{"href":"https:\/\/mirandademelo.adv.br\/index.php?rest_route=%2Fwp%2Fv2%2Fmedia&parent=157"}],"curies":[{"name":"wp","href":"https:\/\/api.w.org\/{rel}","templated":true}]}}